3. Suppose -2*b - 3*b + 10 = 0. Suppose -b*d - d + 30 = 0. List the prime factors of w(d).
3
Let o = -5176 - -10681. What are the prime factors of o?
3, 5, 367
List the prime factors of (46 + -54)/(2/(-1496)).
2, 11, 17
Suppose -10*q = -2*q - 24. What are the prime factors of 21 - -2 - (-3 + q + 0)?
23
Let v be 6 - -3*(-3)/9*2. Suppose 3*i + 841 = v*x, 5*x - x = 5*i + 839. List the prime factors of x.
211
List the prime factors of 2 - (-995)/(7 + -6).
997
Suppose 1143 = 3*g - 7*s + 4*s, -5*s - 1526 = -4*g. What are the prime factors of g?
379
Let t be (1/(-2))/((-5)/50). Suppose 4*u - 3*r = 1225, -r = -t*u + 1889 - 355. List the prime factors of u.
307
Suppose 9 = f + 2*f + 2*n, -5*n = 0. Let d be 4/(f + 94/(-32)). Suppose -l + 2*y + d = 13, -5*y = -3*l + 150. What are the prime factors of l?
3, 5
Let g = 1124 + -1026. List the prime factors of g.
2, 7
Suppose 6*m - m - 725 = 0. Suppose -2*d = d + f - m, 2*f = -3*d + 146. Let x = d - 26. What are the prime factors of x?
2, 11
Suppose -n + 16 = 5*z, -2*n - 2 = -z - n. Suppose z*i + r = 154 - 24, 4*i - 184 = -4*r. List the prime factors of (1 + 2/(-6))*i.
2, 7
Suppose 2*i = 6*i - 4*n - 492, -3*i + 4*n + 373 = 0. What are the prime factors of i?
7, 17
Suppose -2*h = -0*h - 10, -2*h + 325 = 3*w. Let f = w - -153. What are the prime factors of f?
2, 3, 43
Suppose 6*r - 1650 = -660. List the prime factors of ((-16)/(-4) - 0) + 1*r.
13
Suppose -24*x + 13*x = 22. What are the prime factors of x + -1 + 191 + 5?
193
Let p be 2/6 + 44/(-6). Suppose 9 + 59 = 4*n. Let x = p + n. List the prime factors of x.
2, 5
Let v be 4/14 - (-332)/14. Let s(b) = b**3 - 16*b**2 - 32*b + 9. Let t be s(18). Let g = t - v. List the prime factors of g.
3, 19
Suppose -51 = 3*q + 39. Let r be ((-10)/q)/(1/(-123)). Let l = -22 - r. List the prime factors of l.
19
Suppose -34 + 162 = 4*w. Let a be ((-3)/(-4))/(8/w). Suppose -1 = n + a*f + 5, 0 = -f - 4. List the prime factors of n.
2, 3
Let d = -157 - -205. What are the prime factors of d?
2, 3
Let v(l) = 106*l**2 + 4*l + 12. List the prime factors of v(-4).
2, 3, 47
Suppose -9 - 1 = -5*k. Suppose u + 17 = k*w - 2*u, u = -5*w + 17. Suppose 5*h = w*h + 19. List the prime factors of h.
19
Let f = 128 - 68. What are the prime factors of f?
2, 3, 5
Let j = -10 + 22. Suppose 4*c + 49 - 193 = 0. Suppose 14*i - c = j*i. What are the prime factors of i?
2, 3
Let b be -8 + 3 + (1 - -11). Suppose b*x - 460 = 5*x. What are the prime factors of x?
2, 5, 23
Let p(s) = 2*s**3 + 5*s**2 + 7*s - 3. List the prime factors of p(6).
3, 7, 31
What are the prime factors of 5 + 14/77 + (-4792)/(-22)?
223
Let f = -29 + 33. Let s = f - -45. What are the prime factors of s?
7
What are the prime factors of (1/2)/(16/1696)?
53
Let a(v) = 10*v**3 + 4*v**2 + 5*v + 8. List the prime factors of a(5).
3, 461
Let z = 8 + 18. Let o = 31 - z. List the prime factors of o.
5
Let n(q) = -q**3 + 4*q**2 + 8*q - 6. Let o be n(7). Let r = -25 - o. List the prime factors of r.
2, 3
Suppose t - 33 - 30 = 0. Let m be (-2)/9 + (-490)/t. List the prime factors of (m/12)/((-2)/36).
2, 3
Suppose 2*p + 0*p + 8 = 0. List the prime factors of ((-2)/(-2))/(p/(-268)).
67
Let x = 29 - 33. What are the prime factors of 64 - (1 - 1)/(5 + x)?
2
Suppose q + 247 = 4*m, -5*m + 253 = -5*q - 52. Let h = m - 32. List the prime factors of h.
2, 3, 5
What are the prime factors of (299/65)/(((-3)/5)/(-3))?
23
Let i(h) = h**2 - 2*h - 3. Let m(a) = -a**3 + 7*a**2 - 8*a + 7. Let o be m(5). Let b be (11 - o)*2/4. What are the prime factors of i(b)?
2, 3
Suppose 1052 - 228 = 4*c. Let m = c + -103. List the prime factors of m.
103
Let d = -15 + 17. What are the prime factors of 36 + (-1 - 1 - d)?
2
Let k(g) = g**3 + 9*g**2 - 9*g - 1. Let b(d) = d**3 - 1 + 0*d**3 - 11*d + d + 8*d**2 + 2*d**2. Let i(f) = -5*b(f) + 6*k(f). What are the prime factors of i(-4)?
3, 5
List the prime factors of (-894)/(-1) + 5 + -8.
3, 11
Suppose 5*f - 3232 = -2*l, 12*f + 5*l - 1943 = 9*f. What are the prime factors of f?
2, 17, 19
Let z = -1 - -49. Suppose 168 = 2*x - z. What are the prime factors of x?
2, 3
Let u = 10 + 9. Let h = u + 30. What are the prime factors of h?
7
Suppose -118*z + 7602 = -115*z. List the prime factors of z.
2, 7, 181
Let g(s) = -s**3 - 18*s**2 - 23*s - 6. Let x be g(-17). List the prime factors of (3/2)/(8/x).
2, 3
Suppose 6*l + 162 = 522. Suppose 8*t = 12 + l. What are the prime factors of t?
3
Suppose -4*u - 243 = -7*u + 3*z, -5*z + 99 = u. What are the prime factors of u?
2, 3, 7
Let q(f) = -f**3 + 3*f**2 + 6*f - 6. Suppose 8 - 28 = -5*h. Let r be q(h). Suppose 0 = -r*o - 0*o + 20. List the prime factors of o.
2, 5
Suppose -2*h - 53 = -197. Suppose -8*i + 5*i = -h. What are the prime factors of i?
2, 3
Let n(c) = 3*c**2 + 50*c + 58. List the prime factors of n(-26).
2, 3, 131
Suppose 4*c - 444 = 3*f, 4*c + 0*f - f = 436. List the prime factors of c.
2, 3
Let h(s) = -2*s + 9. Let y be h(2). Suppose -2*q + y*q = 42. List the prime factors of q.
2, 7
Suppose 2*g - 2*j + 816 = 4*g, -j = 5*g - 2052. List the prime factors of g.
3, 137
Let o(n) = 2*n + 0*n - 4*n + 21 + n. Let p be o(10). Let a(x) = 4*x. What are the prime factors of a(p)?
2, 11
Suppose -5*m = 5*y + 45, y + 45 = -4*y - 2*m. What are the prime factors of 2428/12 - (2 + 15/y)?
2, 101
Let p(g) = -3*g - 3 + 8*g + g**2 + 0*g**2. List the prime factors of p(5).
47
Let a(w) = 209*w - 1185. List the prime factors of a(31).
2, 2647
Suppose 51*x + 9036 = 63*x. List the prime factors of x.
3, 251
Let b be -6 - (2 + -4)*7/14. List the prime factors of 301/(-14)*(-1 + b).
3, 43
Let l be 100/16 - 2/8. List the prime factors of -2 + l + 5*16.
2, 3, 7
Let a(q) = -q + 3. Let p be a(9). Let u = 1 + p. What are the prime factors of -55*(7/u + 1)?
2, 11
Let n(b) = b**2 + 3*b + 1. Let v be n(-4). Suppose -5*q - 5 = -v*j, -5*q = 2*j + 8 - 3. Suppose -t + j + 38 = 0. What are the prime factors of t?
2, 19
Suppose -5*l + 0 = 4*q - 3, -2*l + 2 = 2*q. Let h(j) = -4*j + 1. Let w be h(l). Suppose 3*p = -w*s + 42, -36 + 11 = -p + 2*s. List the prime factors of p.
19
Let s(z) be the first derivative of -z**2/2 + 155*z + 8. Let f be s(0). Suppose -20 = -4*u - 5*g + f, 0 = -4*u + g + 181. List the prime factors of u.
3, 5
Let z = 61 + -66. What are the prime factors of (24/60)/((-4)/z)*26?
13
Suppose -l + 2 + 0 = 2*x, l = 2. Let n(c) = c**3 - 4*c**2 + 6*c - 6. Let u be n(2). List the prime factors of (-94)/u + x + 3.
2, 5
Suppose 5*f + 0*f = -25, 0 = 3*i - f + 40. Let h(x) = x**3 + 16*x**2 + 6*x. Let t be h(i). Suppose 3*o = -0*o + t. List the prime factors of o.
3, 5
Suppose 5*f - 3*p - 73 = 0, 0*p = 2*f - 4*p - 32. What are the prime factors of f/3*(-21)/(-2)?
7
Let n = -18 + 27. Let f(q) = 24*q + 163. Let g be f(-6). Let m = n + g. What are the prime factors of m?
2, 7
Let f = 665 + -131. List the prime factors of f.
2, 3, 89
Let o = -10 - -14. Suppose -1 - 2 = 3*j - 4*t, o*j - 3*t = 3. Suppose -159 + 42 = -j*v. List the prime factors of v.
3, 13
Let z(i) = -i + 23. Let j be z(8). Let l = 152 + j. What are the prime factors of l?
167
Let m(p) = 13*p - 10. Let c be m(1). Suppose -c*o = 5*a - 2*a - 486, a - 5*o - 144 = 0. What are the prime factors of a?
3, 53
Let k = 6 - 4. Let m be 1 + k - 3/(-3). Suppose 154 = 5*q + 2*c, -q + m*c = -c - 47. What are the prime factors of q?
2
Let l = 95 + -68. Suppose 2*b - 289 + l = y, 4*b - 524 = -5*y. List the prime factors of b.
131
Let c = 901 + 1220. List the prime factors of c.
3, 7, 101
Let a = 1072 - 549. What are the prime factors of a?
523
List the prime factors of ((2384/6)/2)/((-2)/(-6)).
2, 149
Let m(h) = 60*h - 515. Let u(d) = 5*d - 43. Let f(r) = -2*m(r) + 25*u(r). What are the prime factors of f(15)?
2, 3, 5
Suppose -v + 197 = -c, -583 = -5*v + 2*v + 5*c. Let a = v + -117. List the prime factors of a.
2, 3, 7
List the prime factors of 27*13 + (0 - (5 - 3)).
349
Let w = 258 - 128. Suppose 5*c - 4*m = w, -120 = -5*c + m + m. List the prime factors of c.
2, 11
Let l(b) = -2 - 8*b + 10*b + 0 - 9. Let c be l(7). Suppose -15 = -c*n + 30. What are the prime factors of n?
3, 5
Let b(o) = -9*o**3 + o**2. Let p be b(1). Let x(u) be the third derivative of -u**4/12 - u**3/6 + 6*u**2 + 1. List the prime factors of x(p).
3, 5
Let y = -427 - -252. Let n = y - -293. List t